{"id":1062,"date":"2020-03-14T10:45:02","date_gmt":"2020-03-14T08:45:02","guid":{"rendered":"http:\/\/sentec.es\/?page_id=1062"},"modified":"2020-09-25T11:39:30","modified_gmt":"2020-09-25T09:39:30","slug":"skimmer-oceanico-tarantula","status":"publish","type":"page","link":"https:\/\/sentec.es\/index.php\/skimmer-oceanico-tarantula\/","title":{"rendered":"TARANTULA"},"content":{"rendered":"<p>[et_pb_section fb_built=\u00bb1&#8243; _builder_version=\u00bb4.3.4&#8243;][et_pb_row _builder_version=\u00bb4.3.4&#8243;][et_pb_column type=\u00bb4_4&#8243; _builder_version=\u00bb4.3.4&#8243;][et_pb_text _builder_version=\u00bb4.3.4&#8243; text_font=\u00bbVerdana||||||||\u00bb text_font_size=\u00bb17px\u00bb custom_padding=\u00bb||0px|||\u00bb]<\/p>\n<h1 style=\"text-align: justify;\">DESMI TARANTULA<\/h1>\n<h2><strong><br \/> <\/strong>Skimmer de rebosadero con bombas de tornillo de 250 m3\/h<\/h2>\n<p>&nbsp;<\/p>\n<p style=\"text-align: justify;\">El <em>DESMI TARANTULA<\/em> es un skimmer de rebosadero oce\u00e1nico de gran capacidad que incorpora dos bombas de tornillo DOP-250 capaces de bombear hidrocarburos de muy elevada viscosidad a contrapresiones de hasta 10 bar, as\u00ed como de triturar los desechos flotantes que habitualmente se encuentran en un derrame.<\/p>\n<p>[\/et_pb_text][\/et_pb_column][\/et_pb_row][et_pb_row column_structure=\u00bb1_3,1_3,1_3&#8243; _builder_version=\u00bb4.3.4&#8243; custom_padding=\u00bb4px||4px|||\u00bb][et_pb_column type=\u00bb1_3&#8243; _builder_version=\u00bb4.3.4&#8243;][et_pb_image src=\u00bbhttps:\/\/sentec.es\/wp-content\/uploads\/2020\/03\/081aa.jpg\u00bb _builder_version=\u00bb4.3.4&#8243;][\/et_pb_image][\/et_pb_column][et_pb_column type=\u00bb1_3&#8243; _builder_version=\u00bb4.3.4&#8243;][et_pb_image src=\u00bbhttps:\/\/sentec.es\/wp-content\/uploads\/2020\/03\/DSC06598aa.jpg\u00bb _builder_version=\u00bb4.3.4&#8243;][\/et_pb_image][\/et_pb_column][et_pb_column type=\u00bb1_3&#8243; _builder_version=\u00bb4.3.4&#8243;][et_pb_image src=\u00bbhttps:\/\/sentec.es\/wp-content\/uploads\/2020\/03\/tarantulaaaa.jpg\u00bb _builder_version=\u00bb4.3.4&#8243;][\/et_pb_image][\/et_pb_column][\/et_pb_row][et_pb_row _builder_version=\u00bb4.3.4&#8243; custom_padding=\u00bb||17px|||\u00bb][et_pb_column type=\u00bb4_4&#8243; _builder_version=\u00bb4.3.4&#8243;][et_pb_text _builder_version=\u00bb4.3.4&#8243; text_font=\u00bbVerdana||||||||\u00bb text_font_size=\u00bb17px\u00bb]<\/p>\n<p style=\"text-align: justify;\">Su rebosadero de admisi\u00f3n autoajustable \u00ab<em>DESMI EASY FLOW\u00bb<\/em>\u00a0corrige de forma inmediata las oscilaciones verticales causadas por el oleaje.\u00a0El\u00a0 <em>Easy Flow<\/em> flota independientemente del skimmer debido a sus conexiones flexibles y a su masa inerte extremadamente baja, por lo que permanece en todo momento paralelo a la superficie de contacto agua\/hidrocarburo.<\/p>\n<p>[\/et_pb_text][\/et_pb_column][\/et_pb_row][et_pb_row column_structure=\u00bb1_3,1_3,1_3&#8243; _builder_version=\u00bb4.3.4&#8243; custom_padding=\u00bb4px||4px|||\u00bb][et_pb_column type=\u00bb1_3&#8243; _builder_version=\u00bb4.3.4&#8243;][et_pb_image src=\u00bbhttps:\/\/sentec.es\/wp-content\/uploads\/2020\/03\/124aa.jpg\u00bb _builder_version=\u00bb4.3.4&#8243;][\/et_pb_image][\/et_pb_column][et_pb_column type=\u00bb1_3&#8243; _builder_version=\u00bb4.3.4&#8243;][et_pb_image src=\u00bbhttps:\/\/sentec.es\/wp-content\/uploads\/2020\/03\/DSC06531aa.jpg\u00bb _builder_version=\u00bb4.3.4&#8243;][\/et_pb_image][\/et_pb_column][et_pb_column type=\u00bb1_3&#8243; _builder_version=\u00bb4.3.4&#8243;][et_pb_image src=\u00bbhttps:\/\/sentec.es\/wp-content\/uploads\/2020\/03\/069aa.jpg\u00bb _builder_version=\u00bb4.3.4&#8243;][\/et_pb_image][\/et_pb_column][\/et_pb_row][et_pb_row _builder_version=\u00bb4.3.4&#8243;][et_pb_column type=\u00bb4_4&#8243; _builder_version=\u00bb4.3.4&#8243;][et_pb_text _builder_version=\u00bb4.3.4&#8243; text_font=\u00bbVerdana||||||||\u00bb text_font_size=\u00bb17px\u00bb hover_enabled=\u00bb0&#8243;]<\/p>\n<p style=\"text-align: justify;\">El DESMI TARANTULA se fabrica con los materiales m\u00e1s id\u00f3neos para ambiente marino como son el aluminio naval, el acero inoxidable y el polietileno de alta densidad. Como accesorios opcionales puede incorporar m\u00f3dulos de discos o cepillos oleof\u00edlicos, as\u00ed como propulsores hidr\u00e1ulicos que permiten dirigir el skimmer por control remoto hasta la zona de m\u00e1xima concentraci\u00f3n de hidrocarburo.<\/p>\n<p>[\/et_pb_text][\/et_pb_column][\/et_pb_row][et_pb_row column_structure=\u00bb1_3,1_3,1_3&#8243; _builder_version=\u00bb4.3.4&#8243; custom_padding=\u00bb4px||4px|||\u00bb][et_pb_column type=\u00bb1_3&#8243; _builder_version=\u00bb4.3.4&#8243;][et_pb_image src=\u00bbhttps:\/\/sentec.es\/wp-content\/uploads\/2020\/03\/064-1aa.jpg\u00bb _builder_version=\u00bb4.3.4&#8243;][\/et_pb_image][\/et_pb_column][et_pb_column type=\u00bb1_3&#8243; _builder_version=\u00bb4.3.4&#8243;][et_pb_image src=\u00bbhttps:\/\/sentec.es\/wp-content\/uploads\/2020\/04\/Desmi-Tarantula-jpg.jpg\u00bb _builder_version=\u00bb4.3.4&#8243; min_height=\u00bb159px\u00bb custom_margin=\u00bb||19px|||\u00bb custom_padding=\u00bb3px||0px|||\u00bb][\/et_pb_image][\/et_pb_column][et_pb_column type=\u00bb1_3&#8243; _builder_version=\u00bb4.3.4&#8243;][et_pb_image src=\u00bbhttps:\/\/sentec.es\/wp-content\/uploads\/2020\/03\/Imagen15aa.jpg\u00bb _builder_version=\u00bb4.3.4&#8243;][\/et_pb_image][\/et_pb_column][\/et_pb_row][et_pb_row _builder_version=\u00bb4.3.4&#8243;][et_pb_column type=\u00bb4_4&#8243; _builder_version=\u00bb4.3.4&#8243;][et_pb_text _builder_version=\u00bb4.3.4&#8243; text_font=\u00bbVerdana||||||||\u00bb text_font_size=\u00bb17px\u00bb]<\/p>\n<p style=\"text-align: justify;\">Desmi Ro-Clean tambi\u00e9n dispone de m\u00f3dulos de discos y cepillos oleof\u00edlicos para su instalaci\u00f3n sobre el skimmer de rebosadero oce\u00e1nico DESMI TARANTULA.<\/p>\n<p>[\/et_pb_text][et_pb_text _builder_version=\u00bb4.3.4&#8243; text_font_size=\u00bb16px\u00bb]<\/p>\n<table width=\"100%\">\n<tbody>\n<tr>\n<td style=\"width: 53.0642%;\"><strong>DATOS T\u00c9CNICOS<\/strong><\/td>\n<td style=\"width: 45.9265%;\"><strong>DESMI TARANTULA <\/strong><\/td>\n<\/tr>\n<tr>\n<td style=\"width: 53.0642%;\">Capacidad nominal<\/td>\n<td style=\"width: 45.9265%;\">250 m3\/h<\/td>\n<\/tr>\n<tr>\n<td style=\"width: 53.0642%;\">M\u00f3dulos opcionales<\/td>\n<td style=\"width: 45.9265%;\">Cinta transportadora, discos y cepillos<\/td>\n<\/tr>\n<tr>\n<td style=\"width: 53.0642%;\">Rebosadero de admisi\u00f3n<\/td>\n<td style=\"width: 45.9265%;\">1 ,36 m (53 \u201c) di\u00e1m. Autoajustable<\/td>\n<\/tr>\n<tr>\n<td style=\"width: 53.0642%;\">Calado<\/td>\n<td style=\"width: 45.9265%;\">0,85 m<\/td>\n<\/tr>\n<tr>\n<td style=\"width: 53.0642%;\">Peso<\/td>\n<td style=\"width: 45.9265%;\">340 kg con bomba DOP-250<br \/> 380 kg con propulsores hidr\u00e1ulicos<\/td>\n<\/tr>\n<tr>\n<td style=\"width: 53.0642%;\">Bomba<\/td>\n<td style=\"width: 45.9265%;\">2 x DESMI DOP-250<\/td>\n<\/tr>\n<tr>\n<td style=\"width: 53.0642%;\">M\u00e1xima presi\u00f3n de descarga<\/td>\n<td style=\"width: 45.9265%;\">10 bar<\/td>\n<\/tr>\n<tr>\n<td style=\"width: 53.0642%;\">Racor de descarga<\/td>\n<td style=\"width: 45.9265%;\">6\u201d<\/td>\n<\/tr>\n<tr>\n<td style=\"width: 53.0642%;\">M\u00e1ximo paso de s\u00f3lidos<\/td>\n<td style=\"width: 45.9265%;\">50 mm<\/td>\n<\/tr>\n<tr>\n<td style=\"width: 53.0642%;\">Cuchillas para corte de s\u00f3lidos<\/td>\n<td style=\"width: 45.9265%;\">Una a la entrada de cada bomba<\/td>\n<\/tr>\n<tr>\n<td style=\"width: 53.0642%;\">Requerimientos hidr\u00e1ulicos<\/td>\n<td style=\"width: 45.9265%;\">320 l\/min; 210 bar<\/td>\n<\/tr>\n<tr>\n<td style=\"width: 53.0642%;\">Conexiones hidr\u00e1ulicas de la bomba<\/td>\n<td style=\"width: 45.9265%;\">4 x 1\u201d y 1 x 3\/8\u201d<\/td>\n<\/tr>\n<tr>\n<td style=\"width: 53.0642%;\">Dimensiones<\/td>\n<td style=\"width: 45.9265%;\">2,35 x 2,35 x 1,25 m<\/td>\n<\/tr>\n<tr>\n<td style=\"width: 53.0642%;\">Propulsores hidr\u00e1ulicos<\/td>\n<td style=\"width: 45.9265%;\"><span>Opcional<\/span><\/td>\n<\/tr>\n<tr>\n<td style=\"width: 53.0642%;\">M\u00f3dulos de discos o cepillos<\/td>\n<td style=\"width: 45.9265%;\">Opcional<\/td>\n<\/tr>\n<\/tbody>\n<\/table>\n<p>[\/et_pb_text][\/et_pb_column][\/et_pb_row][\/et_pb_section]<\/p>\n","protected":false},"excerpt":{"rendered":"<p>DESMI TARANTULA Skimmer de rebosadero con bombas de tornillo de 250 m3\/h &nbsp; El DESMI TARANTULA es un skimmer de rebosadero oce\u00e1nico de gran capacidad que incorpora dos bombas de tornillo DOP-250 capaces de bombear hidrocarburos de muy elevada viscosidad a contrapresiones de hasta 10 bar, as\u00ed como de triturar los desechos flotantes que habitualmente [&hellip;]<\/p>\n","protected":false},"author":1,"featured_media":0,"parent":0,"menu_order":0,"comment_status":"closed","ping_status":"closed","template":"","meta":{"_et_pb_use_builder":"on","_et_pb_old_content":"","_et_gb_content_width":"","footnotes":""},"class_list":["post-1062","page","type-page","status-publish","hentry"],"aioseo_notices":[],"_links":{"self":[{"href":"https:\/\/sentec.es\/index.php\/wp-json\/wp\/v2\/pages\/1062"}],"collection":[{"href":"https:\/\/sentec.es\/index.php\/wp-json\/wp\/v2\/pages"}],"about":[{"href":"https:\/\/sentec.es\/index.php\/wp-json\/wp\/v2\/types\/page"}],"author":[{"embeddable":true,"href":"https:\/\/sentec.es\/index.php\/wp-json\/wp\/v2\/users\/1"}],"replies":[{"embeddable":true,"href":"https:\/\/sentec.es\/index.php\/wp-json\/wp\/v2\/comments?post=1062"}],"version-history":[{"count":12,"href":"https:\/\/sentec.es\/index.php\/wp-json\/wp\/v2\/pages\/1062\/revisions"}],"predecessor-version":[{"id":2506,"href":"https:\/\/sentec.es\/index.php\/wp-json\/wp\/v2\/pages\/1062\/revisions\/2506"}],"wp:attachment":[{"href":"https:\/\/sentec.es\/index.php\/wp-json\/wp\/v2\/media?parent=1062"}],"curies":[{"name":"wp","href":"https:\/\/api.w.org\/{rel}","templated":true}]}}