{"id":1109,"date":"2020-03-14T11:41:23","date_gmt":"2020-03-14T09:41:23","guid":{"rendered":"http:\/\/sentec.es\/?page_id=1109"},"modified":"2020-04-26T09:18:55","modified_gmt":"2020-04-26T07:18:55","slug":"skimmer-hidrocarburos-alligator","status":"publish","type":"page","link":"https:\/\/sentec.es\/index.php\/skimmer-hidrocarburos-alligator\/","title":{"rendered":"ALLIGATOR"},"content":{"rendered":"\n\n[et_pb_section fb_built=\u00bb1&#8243; _builder_version=\u00bb4.3.4&#8243;][et_pb_row _builder_version=\u00bb4.3.4&#8243;][et_pb_column type=\u00bb4_4&#8243; _builder_version=\u00bb4.3.4&#8243;][et_pb_text _builder_version=\u00bb4.3.4&#8243; text_font=\u00bbVerdana||||||||\u00bb text_font_size=\u00bb17px\u00bb custom_padding=\u00bb||0px|||\u00bb hover_enabled=\u00bb0&#8243;]<h1 style=\"text-align: justify;\">DESMI ALLIGATOR<\/h1>\n<h2><strong><br \/> <\/strong>Skimmer de cinta transportadora<\/h2>\n<p>&nbsp;<\/p>\n<p style=\"text-align: justify;\">El <em>DESMI\u00a0 ALLIGATOR<\/em> es un skimmer muy vers\u00e1til, ya que tiene la habilidad de recuperar desde los hidrocarburos m\u00e1s ligeros hasta los m\u00e1s pesados, una cualidad que no suele estar asociada a un skimmer oleof\u00edlico. La cinta transportadora, dotada de cepillos oleof\u00edlicos, captura el hidrocarburo y lo eleva hasta la unidad de exprimici\u00f3n.<\/p>\n[\/et_pb_text][\/et_pb_column][\/et_pb_row][et_pb_row column_structure=\u00bb1_3,1_3,1_3&#8243; _builder_version=\u00bb4.3.4&#8243; custom_padding=\u00bb4px||4px|||\u00bb][et_pb_column type=\u00bb1_3&#8243; _builder_version=\u00bb4.3.4&#8243;][et_pb_image src=\u00bbhttp:\/\/sentec.es\/wp-content\/uploads\/2020\/03\/www.sentec.es-skimmer-cinta-2.jpg\u00bb _builder_version=\u00bb4.3.4&#8243;][\/et_pb_image][\/et_pb_column][et_pb_column type=\u00bb1_3&#8243; _builder_version=\u00bb4.3.4&#8243;][et_pb_image src=\u00bbhttp:\/\/sentec.es\/wp-content\/uploads\/2020\/03\/SKIMMER-CEPILLOS-DESMI-BELT-2.jpg\u00bb _builder_version=\u00bb4.3.4&#8243;][\/et_pb_image][\/et_pb_column][et_pb_column type=\u00bb1_3&#8243; _builder_version=\u00bb4.3.4&#8243;][et_pb_image src=\u00bbhttp:\/\/sentec.es\/wp-content\/uploads\/2020\/03\/www.sentec.es-skimmer-cinta-1.jpg\u00bb _builder_version=\u00bb4.3.4&#8243;][\/et_pb_image][\/et_pb_column][\/et_pb_row][et_pb_row _builder_version=\u00bb4.3.4&#8243; custom_padding=\u00bb||17px|||\u00bb][et_pb_column type=\u00bb4_4&#8243; _builder_version=\u00bb4.3.4&#8243;][et_pb_text _builder_version=\u00bb4.3.4&#8243; text_font=\u00bbVerdana||||||||\u00bb text_font_size=\u00bb17px\u00bb hover_enabled=\u00bb0&#8243;]<p style=\"text-align: justify;\">El ALLIGATOR 50 ha sido especialmente dise\u00f1ado para ofrecer la m\u00e1xima facilidad de uso: tanto los flotadores como el sumidero y la bomba pueden ser f\u00e1cilmente desmontados para facilitar su transporte al lugar del derrame. La cinta transportadora puede desconectarse del mecanismo de transmisi\u00f3n para simplificar las operaciones de limpieza y mantenimiento.<\/p>[\/et_pb_text][\/et_pb_column][\/et_pb_row][et_pb_row column_structure=\u00bb1_3,1_3,1_3&#8243; _builder_version=\u00bb4.3.4&#8243; custom_padding=\u00bb4px||4px|||\u00bb][et_pb_column type=\u00bb1_3&#8243; _builder_version=\u00bb4.3.4&#8243;][et_pb_image src=\u00bbhttp:\/\/sentec.es\/wp-content\/uploads\/2020\/03\/www.sentec.es-skimmer-cepillos-oleofilicos-5.jpg\u00bb _builder_version=\u00bb4.3.4&#8243;][\/et_pb_image][\/et_pb_column][et_pb_column type=\u00bb1_3&#8243; _builder_version=\u00bb4.3.4&#8243;][et_pb_image src=\u00bbhttp:\/\/sentec.es\/wp-content\/uploads\/2020\/03\/www.sentec.es-skimmer-cepillos-oleofilicos-6.jpg\u00bb _builder_version=\u00bb4.3.4&#8243;][\/et_pb_image][\/et_pb_column][et_pb_column type=\u00bb1_3&#8243; _builder_version=\u00bb4.3.4&#8243;][et_pb_image src=\u00bbhttp:\/\/sentec.es\/wp-content\/uploads\/2020\/03\/www.sentec.es-skimmer-cepillos-oleofilicos-4.jpg\u00bb _builder_version=\u00bb4.3.4&#8243;][\/et_pb_image][\/et_pb_column][\/et_pb_row][et_pb_row _builder_version=\u00bb4.3.4&#8243;][et_pb_column type=\u00bb4_4&#8243; _builder_version=\u00bb4.3.4&#8243;][et_pb_text _builder_version=\u00bb4.3.4&#8243; text_font=\u00bbVerdana||||||||\u00bb text_font_size=\u00bb17px\u00bb]<p style=\"text-align: justify;\">El DESMI ALLIGATOR combina las ventajas de un skimmer de cinta transportadora con la eficacia de un sistema de cepillos oleof\u00edlicos. Ha sido testado por organismos independientes con hidrocarburos ligeros y pesados, obteni\u00e9ndose excelentes capacidades de recuperaci\u00f3n con muy bajo contenido de agua. Su sistema \u00fanico de accionamiento bidireccional permite afrontar un amplio rango de viscosidades. En modo de retroceso la cinta se sumerge en el agua alcanzando una alta tasa de recuperaci\u00f3n con hidrocarburos ligeros. En modo de avance la cinta emerge del agua arrastrando consigo gruesas capas de hidrocarburo pesado.<\/p>[\/et_pb_text][\/et_pb_column][\/et_pb_row][et_pb_row column_structure=\u00bb1_3,1_3,1_3&#8243; _builder_version=\u00bb4.3.4&#8243; custom_padding=\u00bb4px||4px|||\u00bb][et_pb_column type=\u00bb1_3&#8243; _builder_version=\u00bb4.3.4&#8243;][et_pb_image src=\u00bbhttp:\/\/sentec.es\/wp-content\/uploads\/2020\/03\/SKIMMER-CEPILLOS-DESMI-BELT.jpg\u00bb _builder_version=\u00bb4.3.4&#8243;][\/et_pb_image][\/et_pb_column][et_pb_column type=\u00bb1_3&#8243; _builder_version=\u00bb4.3.4&#8243;][et_pb_image src=\u00bbhttp:\/\/sentec.es\/wp-content\/uploads\/2020\/03\/www.sentec.es-skimmer-cinta-3.jpg\u00bb _builder_version=\u00bb4.3.4&#8243; custom_padding=\u00bb0px|||||\u00bb][\/et_pb_image][\/et_pb_column][et_pb_column type=\u00bb1_3&#8243; _builder_version=\u00bb4.3.4&#8243;][et_pb_image src=\u00bbhttp:\/\/sentec.es\/wp-content\/uploads\/2020\/03\/www.sentec.es-skimmer-cepillos-oleofilicos-7.jpg\u00bb _builder_version=\u00bb4.3.4&#8243;][\/et_pb_image][\/et_pb_column][\/et_pb_row][et_pb_row _builder_version=\u00bb4.3.4&#8243;][et_pb_column type=\u00bb4_4&#8243; _builder_version=\u00bb4.3.4&#8243;][et_pb_text _builder_version=\u00bb4.3.4&#8243; text_font=\u00bbVerdana||||||||\u00bb text_font_size=\u00bb17px\u00bb]<p><span style=\"text-decoration: underline;\">FLOTADORES DESMONTABLES<\/span><br \/> Los flotadores pueden ser f\u00e1cilmente desmontados o ajustados en altura para adaptarse a diferentes profundidades del agua.<\/p>\n<p><span style=\"text-decoration: underline;\">SUMIDERO DE F\u00c1CIL ACCESO<\/span><br \/> El sumidero completo con la bomba DESMI DOP 160 en su interior puede ser retirado con suma facilidad para facilitar las operaciones de limpieza y mantenimiento.<\/p>\n<p><span style=\"text-decoration: underline;\">RACOR DE ASPIRACI\u00d3N<\/span><br \/> El sumidero del DESMI ALLIGATOR incorpora adicionalmente un racor de aspiraci\u00f3n que permite conectar el skimmer a una bomba de aspiraci\u00f3n externa o directamente a un cami\u00f3n de vac\u00edo.<\/p>[\/et_pb_text][et_pb_text _builder_version=\u00bb4.3.4&#8243; text_font_size=\u00bb16px\u00bb hover_enabled=\u00bb0&#8243;]<table width=\"100%\">\n<tbody>\n<tr>\n<td width=\"34%\"><strong>DATOS T\u00c9CNICOS<\/strong><\/td>\n<td width=\"33%\"><strong>DESMI ALLIGATOR 50<\/strong><\/td>\n<td width=\"33%\"><strong>DESMI ALLIGATOR 100 <\/strong><\/td>\n<\/tr>\n<tr>\n<td width=\"34%\">Dimensiones (skimmer)<\/td>\n<td width=\"33%\">1,45 x 1,45 x 1,05 m<\/td>\n<td width=\"33%\">1,90 x 1,70 x 0,80 m<\/td>\n<\/tr>\n<tr>\n<td width=\"34%\">Capacidad nominal<\/td>\n<td width=\"33%\">30 m3\/h<\/td>\n<td width=\"33%\">60 m3\/h<\/td>\n<\/tr>\n<tr>\n<td width=\"34%\">Dimensiones (cinta de cepillos)<\/td>\n<td width=\"33%\">500 x 800 mm<\/td>\n<td width=\"33%\">1000 x 900 mm<\/td>\n<\/tr>\n<tr>\n<td width=\"34%\">Peso sin bomba<\/td>\n<td width=\"33%\">124 kg<\/td>\n<td width=\"33%\">128 kg<\/td>\n<\/tr>\n<tr>\n<td width=\"34%\">Flotadores<\/td>\n<td width=\"33%\">Desmontables<br \/> 17 kg\/unidad<\/td>\n<td width=\"33%\">Fijos<\/td>\n<\/tr>\n<tr>\n<td width=\"34%\">Racor de succi\u00f3n<\/td>\n<td width=\"33%\">Macho 3\u201d CAMLOCK<\/td>\n<td width=\"33%\">Opcional<\/td>\n<\/tr>\n<tr>\n<td width=\"34%\">Peso de la bomba (opcional)<\/td>\n<td width=\"33%\">31 kg (DOP-160)<\/td>\n<td width=\"33%\">82 kg (DOP-DUAL 250)<\/td>\n<\/tr>\n<tr>\n<td width=\"34%\">Peso del skimmer con bomba y flotadores<\/td>\n<td width=\"33%\">155 kg<\/td>\n<td width=\"33%\">210 kg<\/td>\n<\/tr>\n<tr>\n<td width=\"34%\">Calado<\/td>\n<td width=\"33%\">300 mm<\/td>\n<td width=\"33%\">300 mm<\/td>\n<\/tr>\n<tr>\n<td width=\"34%\">Conexiones hidr\u00e1ulicas<\/td>\n<td width=\"33%\">Cinta: Aeroquip \u00bd\u201d presi\u00f3n y retorno.<br \/> Bomba: Aeroquip \u00be\u201d presi\u00f3n y retorno, 3\/8\u201d drenaje.<\/td>\n<td width=\"33%\">Cinta: Aeroquip \u00bd\u201d presi\u00f3n y retorno.<br \/> Bomba: Aeroquip \u00be\u201d presi\u00f3n y retorno, 3\/8\u201d drenaje.<\/td>\n<\/tr>\n<tr>\n<td>Requerimientos hidr\u00e1ulicos (cinta)<\/td>\n<td>5 l\/min<\/td>\n<td>16 l\/min<\/td>\n<\/tr>\n<tr>\n<td>Velocidad del eje<\/td>\n<td>0-100 r.p.m.<\/td>\n<td>0-100 r.p.m.<\/td>\n<\/tr>\n<tr>\n<td>Requerimientos hidr\u00e1ulicos (bomba)<\/td>\n<td>80 l\/min; 210 bar<\/td>\n<td>160 l\/min; 210 bar<\/td>\n<\/tr>\n<tr>\n<td>Propulsores hidr\u00e1ulicos opcionales<\/td>\n<td>Requerimientos hidr\u00e1ulicos: 30 l\/min<\/td>\n<td>Requerimientos hidr\u00e1ulicos: 30 l\/min<\/td>\n<\/tr>\n<\/tbody>\n<\/table>\n[\/et_pb_text][\/et_pb_column][\/et_pb_row][\/et_pb_section]\n\n","protected":false},"excerpt":{"rendered":"<p>DESMI ALLIGATOR Skimmer de cinta transportadora &nbsp; El DESMI\u00a0 ALLIGATOR es un skimmer muy vers\u00e1til, ya que tiene la habilidad de recuperar desde los hidrocarburos m\u00e1s ligeros hasta los m\u00e1s pesados, una cualidad que no suele estar asociada a un skimmer oleof\u00edlico. La cinta transportadora, dotada de cepillos oleof\u00edlicos, captura el hidrocarburo y lo eleva [&hellip;]<\/p>\n","protected":false},"author":1,"featured_media":0,"parent":0,"menu_order":0,"comment_status":"closed","ping_status":"closed","template":"","meta":{"_et_pb_use_builder":"on","_et_pb_old_content":"","_et_gb_content_width":"","footnotes":""},"class_list":["post-1109","page","type-page","status-publish","hentry"],"aioseo_notices":[],"_links":{"self":[{"href":"https:\/\/sentec.es\/index.php\/wp-json\/wp\/v2\/pages\/1109"}],"collection":[{"href":"https:\/\/sentec.es\/index.php\/wp-json\/wp\/v2\/pages"}],"about":[{"href":"https:\/\/sentec.es\/index.php\/wp-json\/wp\/v2\/types\/page"}],"author":[{"embeddable":true,"href":"https:\/\/sentec.es\/index.php\/wp-json\/wp\/v2\/users\/1"}],"replies":[{"embeddable":true,"href":"https:\/\/sentec.es\/index.php\/wp-json\/wp\/v2\/comments?post=1109"}],"version-history":[{"count":4,"href":"https:\/\/sentec.es\/index.php\/wp-json\/wp\/v2\/pages\/1109\/revisions"}],"predecessor-version":[{"id":2349,"href":"https:\/\/sentec.es\/index.php\/wp-json\/wp\/v2\/pages\/1109\/revisions\/2349"}],"wp:attachment":[{"href":"https:\/\/sentec.es\/index.php\/wp-json\/wp\/v2\/media?parent=1109"}],"curies":[{"name":"wp","href":"https:\/\/api.w.org\/{rel}","templated":true}]}}