{"id":1232,"date":"2020-03-15T16:39:01","date_gmt":"2020-03-15T14:39:01","guid":{"rendered":"http:\/\/sentec.es\/?page_id=1232"},"modified":"2020-09-30T11:08:47","modified_gmt":"2020-09-30T09:08:47","slug":"tanques-plegables-fastank","status":"publish","type":"page","link":"https:\/\/sentec.es\/index.php\/tanques-plegables-fastank\/","title":{"rendered":"FASTANK"},"content":{"rendered":"<p>[et_pb_section fb_built=\u00bb1&#8243; _builder_version=\u00bb4.3.4&#8243;][et_pb_row _builder_version=\u00bb4.3.4&#8243;][et_pb_column type=\u00bb4_4&#8243; _builder_version=\u00bb4.3.4&#8243;][et_pb_text _builder_version=\u00bb4.3.4&#8243; text_font=\u00bbVerdana||||||||\u00bb text_font_size=\u00bb17px\u00bb custom_padding=\u00bb||0px|||\u00bb]<\/p>\n<h1 style=\"text-align: justify;\">FASTANK<\/h1>\n<h2><strong><br \/> <\/strong>Tanques plegables port\u00e1tiles<\/h2>\n<p>&nbsp;<\/p>\n<p style=\"text-align: justify;\">Los <em>FAST<\/em><em>ANK<\/em><sup>\u00ae<\/sup>son dep\u00f3sitos plegables para el almacenamiento temporal de hidrocarburos recuperados durante las operaciones de limpieza de un vertido. Se caracterizan por su robustez, r\u00e1pido montaje y facilidad de transporte.<\/p>\n<p>[\/et_pb_text][\/et_pb_column][\/et_pb_row][et_pb_row column_structure=\u00bb1_3,1_3,1_3&#8243; _builder_version=\u00bb4.3.4&#8243; custom_padding=\u00bb4px||4px|||\u00bb][et_pb_column type=\u00bb1_3&#8243; _builder_version=\u00bb4.3.4&#8243;][et_pb_image src=\u00bbhttps:\/\/sentec.es\/wp-content\/uploads\/2020\/03\/tanque-plegable-Fastank-6.jpg\u00bb _builder_version=\u00bb4.3.4&#8243;][\/et_pb_image][et_pb_text _builder_version=\u00bb4.3.4&#8243; text_font=\u00bbVerdana||||||||\u00bb text_font_size=\u00bb17px\u00bb]<\/p>\n<p><span style=\"text-decoration: underline;\"><strong>Ventajas<\/strong><\/span><\/p>\n<p><span style=\"text-decoration: underline;\"><strong><\/strong><\/span><\/p>\n<ul>\n<li>Montaje r\u00e1pido y sin herramientas<\/li>\n<li>Ligeros y f\u00e1ciles de transportar<\/li>\n<li>Almacenamiento compacto<\/li>\n<li>Robustos y duraderos<\/li>\n<li>Resistentes a la corrosi\u00f3n<\/li>\n<li>Montaje en terrenos irregulares<\/li>\n<li>Montaje en suelos\u00a0con pendiente<\/li>\n<\/ul>\n<p>[\/et_pb_text][\/et_pb_column][et_pb_column type=\u00bb1_3&#8243; _builder_version=\u00bb4.3.4&#8243;][et_pb_video src=\u00bbhttps:\/\/sentec.es\/wp-content\/uploads\/2020\/04\/1-FASTANK-Corporate-Video.mp4&#8243; image_src=\u00bbhttps:\/\/sentec.es\/wp-content\/uploads\/2020\/03\/tanque-plegable-Fastank-5.jpg\u00bb thumbnail_overlay_color=\u00bbrgba(0,0,0,0.6)\u00bb _builder_version=\u00bb4.3.4&#8243; min_height=\u00bb237px\u00bb custom_margin=\u00bb||36px|||\u00bb custom_padding=\u00bb||29px|||\u00bb][\/et_pb_video][et_pb_image src=\u00bbhttps:\/\/sentec.es\/wp-content\/uploads\/2020\/03\/tanque-plegable-Fastank-4.jpg\u00bb _builder_version=\u00bb4.3.4&#8243;][\/et_pb_image][\/et_pb_column][et_pb_column type=\u00bb1_3&#8243; _builder_version=\u00bb4.3.4&#8243;][et_pb_image src=\u00bbhttps:\/\/sentec.es\/wp-content\/uploads\/2020\/03\/tanque-portatil-Fastank-1.jpg\u00bb _builder_version=\u00bb4.3.4&#8243;][\/et_pb_image][et_pb_text _builder_version=\u00bb4.3.4&#8243; text_font=\u00bbVerdana||||||||\u00bb text_font_size=\u00bb17px\u00bb hover_enabled=\u00bb0&#8243;]<\/p>\n<p><strong>\u00a0<span style=\"text-decoration: underline;\">Caracter\u00edsticas<\/span><\/strong><\/p>\n<p><strong><span style=\"text-decoration: underline;\"><\/span><\/strong><\/p>\n<ul>\n<li>Estructura de aluminio naval<\/li>\n<li>Superficie lisa f\u00e1cil de limpiar<\/li>\n<li>Resistente a los hidrocarburos<\/li>\n<li>Bolsa o caja de transporte<\/li>\n<li>Forro interior desechable<\/li>\n<li>Componentes estandarizados<\/li>\n<li>M\u00faltiples accesorios<\/li>\n<\/ul>\n<p>[\/et_pb_text][\/et_pb_column][\/et_pb_row][et_pb_row column_structure=\u00bb1_3,1_3,1_3&#8243; _builder_version=\u00bb4.3.4&#8243; custom_padding=\u00bb4px||4px|||\u00bb][et_pb_column type=\u00bb1_3&#8243; _builder_version=\u00bb4.3.4&#8243;][et_pb_image src=\u00bbhttps:\/\/sentec.es\/wp-content\/uploads\/2020\/03\/tanque-portatil-Fastank-2.jpg\u00bb _builder_version=\u00bb4.3.4&#8243;][\/et_pb_image][\/et_pb_column][et_pb_column type=\u00bb1_3&#8243; _builder_version=\u00bb4.3.4&#8243;][et_pb_image src=\u00bbhttps:\/\/sentec.es\/wp-content\/uploads\/2020\/03\/tanque-portatil-Fastank-3.jpg\u00bb _builder_version=\u00bb4.3.4&#8243;][\/et_pb_image][\/et_pb_column][et_pb_column type=\u00bb1_3&#8243; _builder_version=\u00bb4.3.4&#8243;][et_pb_image src=\u00bbhttps:\/\/sentec.es\/wp-content\/uploads\/2020\/03\/tanque-portatil-Fastank-4.jpg\u00bb _builder_version=\u00bb4.3.4&#8243;][\/et_pb_image][\/et_pb_column][\/et_pb_row][et_pb_row _builder_version=\u00bb4.3.4&#8243;][et_pb_column type=\u00bb4_4&#8243; _builder_version=\u00bb4.3.4&#8243;][et_pb_text _builder_version=\u00bb4.3.4&#8243; text_font=\u00bbVerdana||||||||\u00bb text_font_size=\u00bb17px\u00bb custom_padding=\u00bb||0px|||\u00bb]<\/p>\n<p><strong><\/strong><\/p>\n<p><span style=\"text-decoration: underline;\"><strong>ESPECIFICACIONES T\u00c9CNICAS<\/strong><\/span><\/p>\n<p><strong><\/strong><\/p>\n<table width=\"100%\">\n<tbody>\n<tr>\n<td width=\"25%\" style=\"text-align: center;\"><strong>Capacidad<\/strong><\/td>\n<td width=\"25%\" style=\"text-align: center;\"><strong>Dimensiones montado <\/strong><\/td>\n<td width=\"25%\" style=\"text-align: center;\"><strong>Dimensiones embalado <\/strong><\/td>\n<td width=\"25%\" style=\"text-align: center;\"><strong>Peso total (embalado) <\/strong><\/td>\n<\/tr>\n<tr>\n<td width=\"25%\" style=\"text-align: center;\"><strong>1m3 <\/strong><\/td>\n<td width=\"25%\" style=\"text-align: center;\">0,90 x 1,2m diam.<\/td>\n<td width=\"25%\" style=\"text-align: center;\">0,92 x 0,3 x 0,23m<\/td>\n<td width=\"25%\" style=\"text-align: center;\">11 kg<\/td>\n<\/tr>\n<tr>\n<td width=\"25%\" style=\"text-align: center;\"><strong>3m3<\/strong><\/td>\n<td width=\"25%\" style=\"text-align: center;\">1,25 x 1,8m diam.<\/td>\n<td width=\"25%\" style=\"text-align: center;\">1,26 x 0,28 x 0,33m<\/td>\n<td width=\"25%\" style=\"text-align: center;\">28 kg<\/td>\n<\/tr>\n<tr>\n<td width=\"25%\" style=\"text-align: center;\"><strong>5m3<\/strong><\/td>\n<td width=\"25%\" style=\"text-align: center;\">1,25 x 2,3m diam.<\/td>\n<td width=\"25%\" style=\"text-align: center;\">1,26 x 0,28 x 0,33m<\/td>\n<td width=\"25%\" style=\"text-align: center;\">36 kg<\/td>\n<\/tr>\n<tr>\n<td width=\"25%\" style=\"text-align: center;\"><strong>7,5m3<\/strong><\/td>\n<td width=\"25%\" style=\"text-align: center;\">1,15 x 3,2m diam.<\/td>\n<td width=\"25%\" style=\"text-align: center;\">1,60 x 0,46 x 0,5m<\/td>\n<td width=\"25%\" style=\"text-align: center;\">59 kg<\/td>\n<\/tr>\n<tr>\n<td width=\"25%\" style=\"text-align: center;\"><strong>10m3<\/strong><\/td>\n<td width=\"25%\" style=\"text-align: center;\">1,50 x 3,2m diam.<\/td>\n<td width=\"25%\" style=\"text-align: center;\">1,60 x 0,46 x 0,5m<\/td>\n<td width=\"25%\" style=\"text-align: center;\">64 kg<\/td>\n<\/tr>\n<\/tbody>\n<\/table>\n<p>[\/et_pb_text][\/et_pb_column][\/et_pb_row][et_pb_row _builder_version=\u00bb4.3.4&#8243;][et_pb_column type=\u00bb4_4&#8243; _builder_version=\u00bb4.3.4&#8243;][et_pb_text _builder_version=\u00bb4.3.4&#8243; text_font=\u00bbVerdana||||||||\u00bb text_font_size=\u00bb17px\u00bb]<\/p>\n<p><span style=\"text-decoration: underline;\"><strong>ACCESORIOS<\/strong><\/span><\/p>\n<p><u>Forro interior de polietileno desechable<\/u><br \/> Evita tener que limpiar el tanque tras el almacenamiento del hidrocarburo.<\/p>\n<p><u>Caja de almacenamiento y transporte<\/u><em><br \/> <\/em>Est\u00e1 fabricada de polietileno y tiene un peso de tan s\u00f3lo 19 kg y unas dimensiones de 1,6 x 0,46 x 0,5m<\/p>\n<p><u>Alfombra antidesgaste <\/u><br \/> Para una protecci\u00f3n adicional de la base del tanque en suelos irregulares.<\/p>\n<p><u>Cubierta protectora desmontable <\/u><br \/> Fabricada en tejido resistente a los hidrocarburos y a los rayos UV.<\/p>\n<p><u>V\u00e1lvula de drenaje <\/u><br \/> Permite decantar el agua del hidrocarburo para aprovechar al m\u00e1ximo la capacidad de almacenamiento del tanque.<\/p>\n<p>&nbsp;<\/p>\n<p>FASTANK<strong><sup>\u00ae<\/sup><\/strong> es una marca comercial europea registrada con el n\u00ba 000071183.<\/p>\n<p>[\/et_pb_text][\/et_pb_column][\/et_pb_row][\/et_pb_section]<\/p>\n","protected":false},"excerpt":{"rendered":"<p>FASTANK Tanques plegables port\u00e1tiles &nbsp; Los FASTANK\u00aeson dep\u00f3sitos plegables para el almacenamiento temporal de hidrocarburos recuperados durante las operaciones de limpieza de un vertido. Se caracterizan por su robustez, r\u00e1pido montaje y facilidad de transporte.Ventajas Montaje r\u00e1pido y sin herramientas Ligeros y f\u00e1ciles de transportar Almacenamiento compacto Robustos y duraderos Resistentes a la corrosi\u00f3n Montaje [&hellip;]<\/p>\n","protected":false},"author":1,"featured_media":0,"parent":0,"menu_order":0,"comment_status":"closed","ping_status":"closed","template":"","meta":{"_et_pb_use_builder":"on","_et_pb_old_content":"","_et_gb_content_width":"","footnotes":""},"class_list":["post-1232","page","type-page","status-publish","hentry"],"aioseo_notices":[],"_links":{"self":[{"href":"https:\/\/sentec.es\/index.php\/wp-json\/wp\/v2\/pages\/1232"}],"collection":[{"href":"https:\/\/sentec.es\/index.php\/wp-json\/wp\/v2\/pages"}],"about":[{"href":"https:\/\/sentec.es\/index.php\/wp-json\/wp\/v2\/types\/page"}],"author":[{"embeddable":true,"href":"https:\/\/sentec.es\/index.php\/wp-json\/wp\/v2\/users\/1"}],"replies":[{"embeddable":true,"href":"https:\/\/sentec.es\/index.php\/wp-json\/wp\/v2\/comments?post=1232"}],"version-history":[{"count":12,"href":"https:\/\/sentec.es\/index.php\/wp-json\/wp\/v2\/pages\/1232\/revisions"}],"predecessor-version":[{"id":2535,"href":"https:\/\/sentec.es\/index.php\/wp-json\/wp\/v2\/pages\/1232\/revisions\/2535"}],"wp:attachment":[{"href":"https:\/\/sentec.es\/index.php\/wp-json\/wp\/v2\/media?parent=1232"}],"curies":[{"name":"wp","href":"https:\/\/api.w.org\/{rel}","templated":true}]}}