{"id":1409,"date":"2020-03-17T11:59:49","date_gmt":"2020-03-17T09:59:49","guid":{"rendered":"http:\/\/sentec.es\/?page_id=1409"},"modified":"2024-10-18T10:41:40","modified_gmt":"2024-10-18T08:41:40","slug":"barrera-inundaciones-flowstop-2","status":"publish","type":"page","link":"https:\/\/sentec.es\/index.php\/barrera-inundaciones-flowstop-2\/","title":{"rendered":"FLOWSTOP"},"content":{"rendered":"<p>[et_pb_section fb_built=\u00bb1&#8243; _builder_version=\u00bb4.3.4&#8243; global_colors_info=\u00bb{}\u00bb][et_pb_row _builder_version=\u00bb4.3.4&#8243; global_colors_info=\u00bb{}\u00bb][et_pb_column type=\u00bb4_4&#8243; _builder_version=\u00bb4.3.4&#8243; global_colors_info=\u00bb{}\u00bb][et_pb_text _builder_version=\u00bb4.10.6&#8243; text_font=\u00bbVerdana||||||||\u00bb text_font_size=\u00bb17px\u00bb custom_padding=\u00bb||0px|||\u00bb hover_enabled=\u00bb0&#8243; global_colors_info=\u00bb{}\u00bb sticky_enabled=\u00bb0&#8243;]<\/p>\n<h1 style=\"text-align: justify;\">FLOWSTOP 50<\/h1>\n<h2><strong><br \/><\/strong>Barrera de contenci\u00f3n terrestre<\/h2>\n<p>&nbsp;<\/p>\n<p style=\"text-align: justify;\"><em>Flowstop 50<\/em> es una barrera para la desviaci\u00f3n de caudales de agua y la contenci\u00f3n temporal de inundaciones. Las secciones de barrera son ligeras y f\u00e1ciles de ensamblar sin necesidad de herramientas. No se requiere aplicar ning\u00fan tipo de lastre previamente, ya que el propio peso del agua fija la barrera al suelo. Este sistema es ideal para desviar flujos de agua producidos por rotura de tuber\u00edas de agua y para inundaciones repentinas.<\/p>\n<p>[\/et_pb_text][\/et_pb_column][\/et_pb_row][et_pb_row column_structure=\u00bb1_3,1_3,1_3&#8243; _builder_version=\u00bb4.3.4&#8243; min_height=\u00bb273px\u00bb custom_padding=\u00bb4px||0px|||\u00bb global_colors_info=\u00bb{}\u00bb][et_pb_column type=\u00bb1_3&#8243; _builder_version=\u00bb4.3.4&#8243; global_colors_info=\u00bb{}\u00bb][et_pb_image src=\u00bbhttps:\/\/sentec.es\/wp-content\/uploads\/2024\/10\/FlowStop21.jpg\u00bb alt=\u00bbBarrera inundaciones y riadas\u00bb title_text=\u00bbxr:d:DAFo2Yu7bvk:10,j:5351799021086774222,t:23071702&#8243; _builder_version=\u00bb4.10.6&#8243; global_colors_info=\u00bb{}\u00bb][\/et_pb_image][\/et_pb_column][et_pb_column type=\u00bb1_3&#8243; _builder_version=\u00bb4.3.4&#8243; global_colors_info=\u00bb{}\u00bb][et_pb_video src=\u00bbhttps:\/\/sentec.es\/wp-content\/uploads\/2020\/04\/Flowstop-3.mp4&#8243; image_src=\u00bbhttps:\/\/sentec.es\/wp-content\/uploads\/2020\/03\/www.sentec.es-barrera-inundaciones-2-1.jpg\u00bb thumbnail_overlay_color=\u00bbrgba(0,0,0,0.6)\u00bb _builder_version=\u00bb4.10.6&#8243; min_height=\u00bb239px\u00bb custom_margin=\u00bb||61px|||\u00bb global_colors_info=\u00bb{}\u00bb][\/et_pb_video][\/et_pb_column][et_pb_column type=\u00bb1_3&#8243; _builder_version=\u00bb4.3.4&#8243; global_colors_info=\u00bb{}\u00bb][et_pb_image src=\u00bbhttps:\/\/sentec.es\/wp-content\/uploads\/2024\/10\/FlowStop18.jpg\u00bb alt=\u00bbBarrera inundaciones y riadas\u00bb title_text=\u00bbFlowStop18&#8243; _builder_version=\u00bb4.10.6&#8243; global_colors_info=\u00bb{}\u00bb][\/et_pb_image][\/et_pb_column][\/et_pb_row][et_pb_row _builder_version=\u00bb4.3.4&#8243; custom_padding=\u00bb3px|||||\u00bb global_colors_info=\u00bb{}\u00bb][et_pb_column type=\u00bb4_4&#8243; _builder_version=\u00bb4.3.4&#8243; global_colors_info=\u00bb{}\u00bb][et_pb_text _builder_version=\u00bb4.10.6&#8243; text_font=\u00bbVerdana||||||||\u00bb text_font_size=\u00bb17px\u00bb hover_enabled=\u00bb0&#8243; global_colors_info=\u00bb{}\u00bb sticky_enabled=\u00bb0&#8243;]<\/p>\n<p style=\"text-align: justify;\">Cada secci\u00f3n de barrera Flowstop 50 tiene una \u00a0altura de 50 cm y una longitud de 1,0 m. Cuando se conectan varias unidades la longitud lineal efectiva de cada secci\u00f3n es de 90 cm. Cada unidad incorpora una junta que permite el sellado contra el suelo. Su almacenamiento es muy compacto pudiendose apilar hasta 26 unidades en un s\u00f3lo pallet.<\/p>\n<p>[\/et_pb_text][\/et_pb_column][\/et_pb_row][et_pb_row column_structure=\u00bb1_3,1_3,1_3&#8243; _builder_version=\u00bb4.10.6&#8243; min_height=\u00bb269px\u00bb custom_padding=\u00bb4px||4px|||\u00bb global_colors_info=\u00bb{}\u00bb][et_pb_column type=\u00bb1_3&#8243; _builder_version=\u00bb4.3.4&#8243; global_colors_info=\u00bb{}\u00bb][et_pb_image src=\u00bbhttps:\/\/sentec.es\/wp-content\/uploads\/2024\/10\/FlowStop17.jpg\u00bb alt=\u00bbBarrera inundaciones y riadas\u00bb title_text=\u00bbFlowStop17&#8243; _builder_version=\u00bb4.10.6&#8243; global_colors_info=\u00bb{}\u00bb][\/et_pb_image][\/et_pb_column][et_pb_column type=\u00bb1_3&#8243; _builder_version=\u00bb4.3.4&#8243; global_colors_info=\u00bb{}\u00bb][et_pb_video src=\u00bbhttps:\/\/sentec.es\/wp-content\/uploads\/2023\/03\/FlowStop.mp4&#8243; image_src=\u00bbhttps:\/\/sentec.es\/wp-content\/uploads\/2020\/03\/barrera-terrestre-Flowstop-16.jpg\u00bb thumbnail_overlay_color=\u00bbrgba(0,0,0,0.6)\u00bb _builder_version=\u00bb4.10.6&#8243; min_height=\u00bb239px\u00bb custom_margin=\u00bb||61px|||\u00bb global_colors_info=\u00bb{}\u00bb][\/et_pb_video][\/et_pb_column][et_pb_column type=\u00bb1_3&#8243; _builder_version=\u00bb4.3.4&#8243; global_colors_info=\u00bb{}\u00bb][et_pb_image src=\u00bbhttps:\/\/sentec.es\/wp-content\/uploads\/2024\/10\/FlowStop16.jpg\u00bb alt=\u00bbBarrera inundaciones y riadas\u00bb title_text=\u00bbFlowStop16&#8243; _builder_version=\u00bb4.10.6&#8243; global_colors_info=\u00bb{}\u00bb][\/et_pb_image][\/et_pb_column][\/et_pb_row][et_pb_row column_structure=\u00bb1_3,2_3&#8243; _builder_version=\u00bb4.3.4&#8243; min_height=\u00bb448.2px\u00bb custom_margin=\u00bb-13px|auto||auto||\u00bb custom_padding=\u00bb||11px|||\u00bb global_colors_info=\u00bb{}\u00bb][et_pb_column type=\u00bb1_3&#8243; _builder_version=\u00bb4.3.4&#8243; global_colors_info=\u00bb{}\u00bb][et_pb_text _builder_version=\u00bb4.10.6&#8243; global_colors_info=\u00bb{}\u00bb]<\/p>\n<p><strong><\/strong><\/p>\n<p><strong><\/strong><\/p>\n<p><strong><u>PRINCIPALES VENTAJAS Y APLICACIONES:<\/u><\/strong><o:p><\/o:p><\/p>\n<p><strong><u><\/u><\/strong><\/p>\n<p>&#8211;\u00a0 \u00a0F\u00e1cil y r\u00e1pido montaje modular<\/p>\n<p>&#8211;\u00a0 Almacenamiento compacto (26 uds\/pallet)<\/p>\n<p>&#8211;\u00a0 Duraderas (fabricadas de Polipropileno)<\/p>\n<p>&#8211;\u00a0 La fuerza del agua fija la barrera al suelo<\/p>\n<p>&#8211;\u00a0 Los m\u00f3dulos ya\u00a0 incorporan juntas de sellado<\/p>\n<p>&#8211;\u00a0 M\u00faltiples aplicaciones en \u00a0las obras<\/p>\n<p>&#8211;\u00a0 Desviaci\u00f3n del agua de tuber\u00edas reventadas<\/p>\n<p>&#8211;\u00a0 Contenci\u00f3n de riadas y otros l\u00edquidos<\/p>\n<p>[\/et_pb_text][\/et_pb_column][et_pb_column type=\u00bb2_3&#8243; _builder_version=\u00bb4.3.4&#8243; global_colors_info=\u00bb{}\u00bb][et_pb_image src=\u00bbhttps:\/\/sentec.es\/wp-content\/uploads\/2024\/10\/FlowStop19.jpg\u00bb alt=\u00bbBarrera inundaciones y riadas\u00bb title_text=\u00bbFlowStop19&#8243; _builder_version=\u00bb4.10.6&#8243; min_height=\u00bb279.9px\u00bb custom_margin=\u00bb25px|||||\u00bb custom_padding=\u00bb33px|||||\u00bb global_colors_info=\u00bb{}\u00bb][\/et_pb_image][\/et_pb_column][\/et_pb_row][et_pb_row column_structure=\u00bb1_3,1_3,1_3&#8243; _builder_version=\u00bb4.3.4&#8243; min_height=\u00bb269px\u00bb custom_margin=\u00bb-8px|auto||auto||\u00bb custom_padding=\u00bb4px||4px|||\u00bb global_colors_info=\u00bb{}\u00bb][et_pb_column type=\u00bb1_3&#8243; _builder_version=\u00bb4.3.4&#8243; global_colors_info=\u00bb{}\u00bb][et_pb_image src=\u00bbhttps:\/\/sentec.es\/wp-content\/uploads\/2024\/10\/FlowStop15.jpg\u00bb alt=\u00bbBarrera inundaciones y riadas\u00bb title_text=\u00bbxr:d:DAFo2Yu7bvk:13,j:5752619385222256928,t:23071702&#8243; _builder_version=\u00bb4.10.6&#8243; global_colors_info=\u00bb{}\u00bb][\/et_pb_image][\/et_pb_column][et_pb_column type=\u00bb1_3&#8243; _builder_version=\u00bb4.3.4&#8243; global_colors_info=\u00bb{}\u00bb][et_pb_image src=\u00bbhttps:\/\/sentec.es\/wp-content\/uploads\/2024\/10\/FlowStop14.jpg\u00bb alt=\u00bbBarrera inundaciones y riadas\u00bb title_text=\u00bbxr:d:DAFo2Yu7bvk:18,j:5351799021293107740,t:23071702&#8243; _builder_version=\u00bb4.10.6&#8243; global_colors_info=\u00bb{}\u00bb][\/et_pb_image][\/et_pb_column][et_pb_column type=\u00bb1_3&#8243; _builder_version=\u00bb4.3.4&#8243; global_colors_info=\u00bb{}\u00bb][et_pb_image src=\u00bbhttps:\/\/sentec.es\/wp-content\/uploads\/2024\/10\/FlowStop13.jpg\u00bb alt=\u00bbBarrera inundaciones y riadas\u00bb title_text=\u00bbxr:d:DAFo2Yu7bvk:25,j:250346545421303087,t:23071703&#8243; _builder_version=\u00bb4.10.6&#8243; global_colors_info=\u00bb{}\u00bb][\/et_pb_image][\/et_pb_column][\/et_pb_row][et_pb_row column_structure=\u00bb1_3,1_3,1_3&#8243; _builder_version=\u00bb4.3.4&#8243; min_height=\u00bb269px\u00bb custom_margin=\u00bb-8px|auto||auto||\u00bb custom_padding=\u00bb4px||4px|||\u00bb global_colors_info=\u00bb{}\u00bb][et_pb_column type=\u00bb1_3&#8243; _builder_version=\u00bb4.3.4&#8243; global_colors_info=\u00bb{}\u00bb][et_pb_image src=\u00bbhttps:\/\/sentec.es\/wp-content\/uploads\/2024\/10\/FlowStop12.jpg\u00bb alt=\u00bbBarrera inundaciones y riadas\u00bb title_text=\u00bbFlowStop12&#8243; _builder_version=\u00bb4.10.6&#8243; global_colors_info=\u00bb{}\u00bb][\/et_pb_image][\/et_pb_column][et_pb_column type=\u00bb1_3&#8243; _builder_version=\u00bb4.3.4&#8243; global_colors_info=\u00bb{}\u00bb][et_pb_image src=\u00bbhttps:\/\/sentec.es\/wp-content\/uploads\/2024\/10\/FlowStop11.jpg\u00bb alt=\u00bbBarrera inundaciones y riadas\u00bb title_text=\u00bbFlowStop11&#8243; _builder_version=\u00bb4.10.6&#8243; global_colors_info=\u00bb{}\u00bb][\/et_pb_image][\/et_pb_column][et_pb_column type=\u00bb1_3&#8243; _builder_version=\u00bb4.3.4&#8243; global_colors_info=\u00bb{}\u00bb][et_pb_image src=\u00bbhttps:\/\/sentec.es\/wp-content\/uploads\/2024\/10\/FlowStop10.jpg\u00bb alt=\u00bbBarrera inundaciones y riadas\u00bb title_text=\u00bbFlowStop10&#8243; _builder_version=\u00bb4.10.6&#8243; global_colors_info=\u00bb{}\u00bb][\/et_pb_image][\/et_pb_column][\/et_pb_row][et_pb_row column_structure=\u00bb1_3,1_3,1_3&#8243; _builder_version=\u00bb4.3.4&#8243; min_height=\u00bb269px\u00bb custom_margin=\u00bb-8px|auto||auto||\u00bb custom_padding=\u00bb4px||4px|||\u00bb global_colors_info=\u00bb{}\u00bb][et_pb_column type=\u00bb1_3&#8243; _builder_version=\u00bb4.3.4&#8243; global_colors_info=\u00bb{}\u00bb][et_pb_image src=\u00bbhttps:\/\/sentec.es\/wp-content\/uploads\/2024\/10\/FlowStop09.jpg\u00bb alt=\u00bbBarrera inundaciones y riadas\u00bb title_text=\u00bbFlowStop09&#8243; _builder_version=\u00bb4.10.6&#8243; global_colors_info=\u00bb{}\u00bb][\/et_pb_image][\/et_pb_column][et_pb_column type=\u00bb1_3&#8243; _builder_version=\u00bb4.3.4&#8243; global_colors_info=\u00bb{}\u00bb][et_pb_image src=\u00bbhttps:\/\/sentec.es\/wp-content\/uploads\/2024\/10\/FlowStop08.jpg\u00bb alt=\u00bbBarrera inundaciones y riadas\u00bb title_text=\u00bbFlowStop08&#8243; _builder_version=\u00bb4.10.6&#8243; global_colors_info=\u00bb{}\u00bb][\/et_pb_image][\/et_pb_column][et_pb_column type=\u00bb1_3&#8243; _builder_version=\u00bb4.3.4&#8243; global_colors_info=\u00bb{}\u00bb][et_pb_image src=\u00bbhttps:\/\/sentec.es\/wp-content\/uploads\/2024\/10\/FlowStop07.jpg\u00bb alt=\u00bbBarrera inundaciones y riadas\u00bb title_text=\u00bbFlowStop07&#8243; _builder_version=\u00bb4.10.6&#8243; global_colors_info=\u00bb{}\u00bb][\/et_pb_image][\/et_pb_column][\/et_pb_row][et_pb_row column_structure=\u00bb1_3,1_3,1_3&#8243; _builder_version=\u00bb4.3.4&#8243; min_height=\u00bb269px\u00bb custom_margin=\u00bb-8px|auto||auto||\u00bb custom_padding=\u00bb4px||4px|||\u00bb global_colors_info=\u00bb{}\u00bb][et_pb_column type=\u00bb1_3&#8243; _builder_version=\u00bb4.3.4&#8243; global_colors_info=\u00bb{}\u00bb][et_pb_image src=\u00bbhttps:\/\/sentec.es\/wp-content\/uploads\/2024\/10\/FlowStop06-1.jpg\u00bb alt=\u00bbBarrera inundaciones y riadas\u00bb title_text=\u00bbFlowStop06&#8243; _builder_version=\u00bb4.10.6&#8243; global_colors_info=\u00bb{}\u00bb][\/et_pb_image][\/et_pb_column][et_pb_column type=\u00bb1_3&#8243; _builder_version=\u00bb4.3.4&#8243; global_colors_info=\u00bb{}\u00bb][et_pb_image src=\u00bbhttps:\/\/sentec.es\/wp-content\/uploads\/2024\/10\/FlowStop05-1.jpg\u00bb alt=\u00bbBarrera inundaciones y riadas\u00bb title_text=\u00bbFlowStop05&#8243; _builder_version=\u00bb4.10.6&#8243; global_colors_info=\u00bb{}\u00bb][\/et_pb_image][\/et_pb_column][et_pb_column type=\u00bb1_3&#8243; _builder_version=\u00bb4.3.4&#8243; global_colors_info=\u00bb{}\u00bb][et_pb_image src=\u00bbhttps:\/\/sentec.es\/wp-content\/uploads\/2024\/10\/FlowStop04-1.jpg\u00bb alt=\u00bbBarrera inundaciones y riadas\u00bb title_text=\u00bbFlowStop04&#8243; _builder_version=\u00bb4.10.6&#8243; global_colors_info=\u00bb{}\u00bb][\/et_pb_image][\/et_pb_column][\/et_pb_row][et_pb_row column_structure=\u00bb1_3,1_3,1_3&#8243; _builder_version=\u00bb4.3.4&#8243; min_height=\u00bb269px\u00bb custom_margin=\u00bb-8px|auto||auto||\u00bb custom_padding=\u00bb4px||4px|||\u00bb global_colors_info=\u00bb{}\u00bb][et_pb_column type=\u00bb1_3&#8243; _builder_version=\u00bb4.3.4&#8243; global_colors_info=\u00bb{}\u00bb][et_pb_image src=\u00bbhttps:\/\/sentec.es\/wp-content\/uploads\/2024\/10\/FlowStop03-1.jpg\u00bb alt=\u00bbBarrera inundaciones y riadas\u00bb title_text=\u00bbFlowStop03&#8243; _builder_version=\u00bb4.10.6&#8243; global_colors_info=\u00bb{}\u00bb][\/et_pb_image][\/et_pb_column][et_pb_column type=\u00bb1_3&#8243; _builder_version=\u00bb4.3.4&#8243; global_colors_info=\u00bb{}\u00bb][et_pb_image src=\u00bbhttps:\/\/sentec.es\/wp-content\/uploads\/2024\/10\/FlowStop02-1.jpg\u00bb alt=\u00bbBarrera inundaciones y riadas\u00bb title_text=\u00bbFlowStop02&#8243; _builder_version=\u00bb4.10.6&#8243; global_colors_info=\u00bb{}\u00bb][\/et_pb_image][\/et_pb_column][et_pb_column type=\u00bb1_3&#8243; _builder_version=\u00bb4.3.4&#8243; global_colors_info=\u00bb{}\u00bb][et_pb_image src=\u00bbhttps:\/\/sentec.es\/wp-content\/uploads\/2024\/10\/FlowStop01.jpg\u00bb alt=\u00bbBarrera inundaciones y riadas\u00bb title_text=\u00bbFlowStop01&#8243; _builder_version=\u00bb4.10.6&#8243; global_colors_info=\u00bb{}\u00bb][\/et_pb_image][\/et_pb_column][\/et_pb_row][et_pb_row _builder_version=\u00bb4.3.4&#8243; min_height=\u00bb269px\u00bb custom_margin=\u00bb-8px|auto||auto||\u00bb custom_padding=\u00bb4px||4px|||\u00bb global_colors_info=\u00bb{}\u00bb][et_pb_column type=\u00bb4_4&#8243; _builder_version=\u00bb4.3.4&#8243; global_colors_info=\u00bb{}\u00bb][et_pb_image src=\u00bbhttps:\/\/sentec.es\/wp-content\/uploads\/2024\/10\/FlowStop-1.jpg\u00bb alt=\u00bbBarrera inundaciones y riadas\u00bb title_text=\u00bbFlowStop\u00bb _builder_version=\u00bb4.10.6&#8243; global_colors_info=\u00bb{}\u00bb][\/et_pb_image][et_pb_image src=\u00bbhttps:\/\/sentec.es\/wp-content\/uploads\/2024\/10\/FlowStop22.jpg\u00bb alt=\u00bbBarrera inundaciones y riadas\u00bb title_text=\u00bbFlowStop22&#8243; _builder_version=\u00bb4.10.6&#8243; global_colors_info=\u00bb{}\u00bb][\/et_pb_image][\/et_pb_column][\/et_pb_row][\/et_pb_section]<\/p>\n","protected":false},"excerpt":{"rendered":"<p>FLOWSTOP 50 Barrera de contenci\u00f3n terrestre &nbsp; Flowstop 50 es una barrera para la desviaci\u00f3n de caudales de agua y la contenci\u00f3n temporal de inundaciones. Las secciones de barrera son ligeras y f\u00e1ciles de ensamblar sin necesidad de herramientas. No se requiere aplicar ning\u00fan tipo de lastre previamente, ya que el propio peso del agua [&hellip;]<\/p>\n","protected":false},"author":1,"featured_media":0,"parent":0,"menu_order":0,"comment_status":"closed","ping_status":"closed","template":"","meta":{"_et_pb_use_builder":"on","_et_pb_old_content":"","_et_gb_content_width":"","footnotes":""},"class_list":["post-1409","page","type-page","status-publish","hentry"],"aioseo_notices":[],"_links":{"self":[{"href":"https:\/\/sentec.es\/index.php\/wp-json\/wp\/v2\/pages\/1409"}],"collection":[{"href":"https:\/\/sentec.es\/index.php\/wp-json\/wp\/v2\/pages"}],"about":[{"href":"https:\/\/sentec.es\/index.php\/wp-json\/wp\/v2\/types\/page"}],"author":[{"embeddable":true,"href":"https:\/\/sentec.es\/index.php\/wp-json\/wp\/v2\/users\/1"}],"replies":[{"embeddable":true,"href":"https:\/\/sentec.es\/index.php\/wp-json\/wp\/v2\/comments?post=1409"}],"version-history":[{"count":17,"href":"https:\/\/sentec.es\/index.php\/wp-json\/wp\/v2\/pages\/1409\/revisions"}],"predecessor-version":[{"id":2842,"href":"https:\/\/sentec.es\/index.php\/wp-json\/wp\/v2\/pages\/1409\/revisions\/2842"}],"wp:attachment":[{"href":"https:\/\/sentec.es\/index.php\/wp-json\/wp\/v2\/media?parent=1409"}],"curies":[{"name":"wp","href":"https:\/\/api.w.org\/{rel}","templated":true}]}}