{"id":788,"date":"2020-03-11T10:03:40","date_gmt":"2020-03-11T08:03:40","guid":{"rendered":"http:\/\/sentec.es\/?page_id=788"},"modified":"2022-02-22T11:56:08","modified_gmt":"2022-02-22T09:56:08","slug":"skimmer-sogas-oleofilicas-ro-mop","status":"publish","type":"page","link":"https:\/\/sentec.es\/index.php\/skimmer-sogas-oleofilicas-ro-mop\/","title":{"rendered":"RO-MOP"},"content":{"rendered":"<p>[et_pb_section fb_built=\u00bb1&#8243; _builder_version=\u00bb4.3.4&#8243; global_colors_info=\u00bb{}\u00bb][et_pb_row _builder_version=\u00bb4.3.4&#8243; global_colors_info=\u00bb{}\u00bb][et_pb_column type=\u00bb4_4&#8243; _builder_version=\u00bb4.3.4&#8243; global_colors_info=\u00bb{}\u00bb][et_pb_text _builder_version=\u00bb4.3.4&#8243; text_font=\u00bbVerdana||||||||\u00bb text_font_size=\u00bb17px\u00bb global_colors_info=\u00bb{}\u00bb]<\/p>\n<h1 style=\"text-align: justify;\">RO-MOP<\/h1>\n<h2><strong><br \/> <\/strong>Skimmers de sogas oleof\u00edlicas<\/h2>\n<p>&nbsp;<\/p>\n<p style=\"text-align: justify;\">Los skimmers de sogas oleof\u00edlicas <em>RO-MOP<\/em> son ideales para la recuperaci\u00f3n de hidrocarburos de baja y mediana viscosidad en puertos, r\u00edos y lagunas, as\u00ed como en lugares de dif\u00edcil acceso como fosas y alcantarillas.<\/p>\n<p>[\/et_pb_text][\/et_pb_column][\/et_pb_row][et_pb_row column_structure=\u00bb1_3,1_3,1_3&#8243; _builder_version=\u00bb4.3.4&#8243; custom_padding=\u00bb4px||5px|||\u00bb global_colors_info=\u00bb{}\u00bb][et_pb_column type=\u00bb1_3&#8243; _builder_version=\u00bb4.3.4&#8243; global_colors_info=\u00bb{}\u00bb][et_pb_image src=\u00bbhttps:\/\/sentec.es\/wp-content\/uploads\/2020\/03\/www.sentec.es-skimmer-sogas-oleofilicas-Ro-Mop-10.jpg\u00bb _builder_version=\u00bb4.3.4&#8243; global_colors_info=\u00bb{}\u00bb][\/et_pb_image][\/et_pb_column][et_pb_column type=\u00bb1_3&#8243; _builder_version=\u00bb4.3.4&#8243; global_colors_info=\u00bb{}\u00bb][et_pb_image src=\u00bbhttps:\/\/sentec.es\/wp-content\/uploads\/2020\/03\/www.sentec.es-skimmer-sogas-oleofilicas-Ro-Mop-12.jpg\u00bb _builder_version=\u00bb4.3.4&#8243; global_colors_info=\u00bb{}\u00bb][\/et_pb_image][\/et_pb_column][et_pb_column type=\u00bb1_3&#8243; _builder_version=\u00bb4.3.4&#8243; global_colors_info=\u00bb{}\u00bb][et_pb_image src=\u00bbhttps:\/\/sentec.es\/wp-content\/uploads\/2020\/03\/www.sentec.es-skimmer-sogas-oleofilicas-Ro-Mop-13.jpg\u00bb _builder_version=\u00bb4.3.4&#8243; global_colors_info=\u00bb{}\u00bb][\/et_pb_image][\/et_pb_column][\/et_pb_row][et_pb_row _builder_version=\u00bb4.3.4&#8243; global_colors_info=\u00bb{}\u00bb][et_pb_column type=\u00bb4_4&#8243; _builder_version=\u00bb4.3.4&#8243; global_colors_info=\u00bb{}\u00bb][et_pb_text _builder_version=\u00bb4.10.6&#8243; text_font=\u00bbVerdana||||||||\u00bb text_font_size=\u00bb17px\u00bb hover_enabled=\u00bb0&#8243; global_colors_info=\u00bb{}\u00bb sticky_enabled=\u00bb0&#8243;]<\/p>\n<p style=\"text-align: justify;\">Su funcionamiento se basa en unas sogas sin fin dotadas de fibras oleof\u00edlicas e hidr\u00f3fobas que, una vez saturadas de hidrocarburo, son exprimidas por unos rodillos de caucho. Los RO-MOP apenas recogen agua junto con el hidrocarburo y su funcionamiento no se ve afectado por la presencia de s\u00f3lidos flotantes. Las sogas pueden ser desplegadas tanto en sentido vertical, con un desnivel de hasta 10m, como en sentido horizontal con longitudes de hasta 150m.<\/p>\n<p>[\/et_pb_text][\/et_pb_column][\/et_pb_row][et_pb_row column_structure=\u00bb1_3,1_3,1_3&#8243; _builder_version=\u00bb4.3.4&#8243; custom_padding=\u00bb5px||3px|||\u00bb global_colors_info=\u00bb{}\u00bb][et_pb_column type=\u00bb1_3&#8243; _builder_version=\u00bb4.3.4&#8243; global_colors_info=\u00bb{}\u00bb][et_pb_image src=\u00bbhttps:\/\/sentec.es\/wp-content\/uploads\/2020\/03\/skimmer-Ro-Mop.jpg\u00bb disabled_on=\u00bbon|off|off\u00bb _builder_version=\u00bb4.3.4&#8243; global_colors_info=\u00bb{}\u00bb][\/et_pb_image][\/et_pb_column][et_pb_column type=\u00bb1_3&#8243; _builder_version=\u00bb4.3.4&#8243; global_colors_info=\u00bb{}\u00bb][et_pb_image src=\u00bbhttps:\/\/sentec.es\/wp-content\/uploads\/2020\/03\/www.sentec.es-skimmer-sogas-oleofilicas-Ro-Mop-6.jpg\u00bb _builder_version=\u00bb4.3.4&#8243; global_colors_info=\u00bb{}\u00bb][\/et_pb_image][\/et_pb_column][et_pb_column type=\u00bb1_3&#8243; _builder_version=\u00bb4.3.4&#8243; global_colors_info=\u00bb{}\u00bb][et_pb_image src=\u00bbhttps:\/\/sentec.es\/wp-content\/uploads\/2020\/03\/www.sentec.es-skimmer-sogas-oleofilicas-Ro-Mop-2.jpg\u00bb disabled_on=\u00bbon|off|off\u00bb _builder_version=\u00bb4.3.4&#8243; global_colors_info=\u00bb{}\u00bb][\/et_pb_image][\/et_pb_column][\/et_pb_row][et_pb_row _builder_version=\u00bb4.3.4&#8243; global_colors_info=\u00bb{}\u00bb][et_pb_column type=\u00bb4_4&#8243; _builder_version=\u00bb4.3.4&#8243; global_colors_info=\u00bb{}\u00bb][et_pb_text _builder_version=\u00bb4.3.4&#8243; text_font=\u00bbVerdana||||||||\u00bb text_font_size=\u00bb17px\u00bb global_colors_info=\u00bb{}\u00bb]<\/p>\n<p style=\"text-align: justify;\">Los RO-MOP pueden ser manejados por personal no cualificado y se caracterizan por su robustez y su f\u00e1cil mantenimiento. La aplicaci\u00f3n industrial m\u00e1s frecuente de los skimmers RO-MOP es la eliminaci\u00f3n de aceites y grasas de los separadores API. Los RO-MOP pueden suministrarse con accionamiento diesel, el\u00e9ctrico, hidr\u00e1ulico o neum\u00e1tico, y con capacidades de recogida de entre 1,5\u00a0 y 18 m3\/h, seg\u00fan modelo.<\/p>\n<p>[\/et_pb_text][\/et_pb_column][\/et_pb_row][et_pb_row column_structure=\u00bb1_3,1_3,1_3&#8243; _builder_version=\u00bb4.3.4&#8243; custom_padding=\u00bb2px||4px|||\u00bb global_colors_info=\u00bb{}\u00bb][et_pb_column type=\u00bb1_3&#8243; _builder_version=\u00bb4.3.4&#8243; global_colors_info=\u00bb{}\u00bb][et_pb_image src=\u00bbhttps:\/\/sentec.es\/wp-content\/uploads\/2020\/03\/www.sentec.es-skimmer-sogas-oleofilicas-Ro-Mop-5.jpg\u00bb _builder_version=\u00bb4.3.4&#8243; global_colors_info=\u00bb{}\u00bb][\/et_pb_image][\/et_pb_column][et_pb_column type=\u00bb1_3&#8243; _builder_version=\u00bb4.3.4&#8243; global_colors_info=\u00bb{}\u00bb][et_pb_image src=\u00bbhttps:\/\/sentec.es\/wp-content\/uploads\/2020\/03\/www.sentec.es-skimmer-sogas-oleofilicas-Ro-Mop-3.jpg\u00bb _builder_version=\u00bb4.3.4&#8243; global_colors_info=\u00bb{}\u00bb][\/et_pb_image][\/et_pb_column][et_pb_column type=\u00bb1_3&#8243; _builder_version=\u00bb4.3.4&#8243; global_colors_info=\u00bb{}\u00bb][et_pb_image src=\u00bbhttps:\/\/sentec.es\/wp-content\/uploads\/2020\/03\/www.sentec.es-skimmer-sogas-oleofilicas-Ro-Mop-4.jpg\u00bb _builder_version=\u00bb4.3.4&#8243; global_colors_info=\u00bb{}\u00bb][\/et_pb_image][\/et_pb_column][\/et_pb_row][et_pb_row _builder_version=\u00bb4.3.4&#8243; global_colors_info=\u00bb{}\u00bb][et_pb_column type=\u00bb4_4&#8243; _builder_version=\u00bb4.3.4&#8243; global_colors_info=\u00bb{}\u00bb][et_pb_text _builder_version=\u00bb4.3.4&#8243; text_font_size=\u00bb16px\u00bb global_colors_info=\u00bb{}\u00bb]<\/p>\n<table width=\"100%\">\n<tbody>\n<tr>\n<td width=\"34%\"><strong>DATOS T\u00c9CNICOS<\/strong><\/td>\n<td width=\"33%\" style=\"text-align: center;\"><strong>RO-MOP OM 140<\/strong><\/td>\n<td width=\"33%\" style=\"text-align: center;\"><strong>RO-MOP OM 240<\/strong><\/td>\n<\/tr>\n<tr>\n<td width=\"34%\">Capacidad nominal<\/td>\n<td width=\"33%\" style=\"text-align: center;\">3-5 m3\/h<\/td>\n<td width=\"33%\" style=\"text-align: center;\">6 m3\/h<\/td>\n<\/tr>\n<tr>\n<td width=\"34%\">Sogas oleof\u00edlicas<\/td>\n<td width=\"33%\" style=\"text-align: center;\">1 x 150mm di\u00e1m.<\/td>\n<td width=\"33%\" style=\"text-align: center;\">2 x 150mm di\u00e1m.<\/td>\n<\/tr>\n<tr>\n<td width=\"34%\">Longitud m\u00e1xima sogas<\/td>\n<td width=\"33%\" style=\"text-align: center;\">90 m<\/td>\n<td width=\"33%\" style=\"text-align: center;\">90 m<\/td>\n<\/tr>\n<tr>\n<td width=\"34%\">Velocidad m\u00e1xima sogas<\/td>\n<td width=\"33%\" style=\"text-align: center;\">28m\/min<\/td>\n<td width=\"33%\" style=\"text-align: center;\">30m\/min<\/td>\n<\/tr>\n<tr>\n<td width=\"34%\">Accionamientos disponibles<\/td>\n<td width=\"33%\" style=\"text-align: center;\">El\u00e9ctrico<br \/> Diesel<br \/> Neum\u00e1tico<br \/> Hidr\u00e1ulico<\/td>\n<td width=\"33%\" style=\"text-align: center;\">El\u00e9ctrico<br \/> Diesel<br \/> Neum\u00e1tico<br \/> Hidr\u00e1ulico<\/td>\n<\/tr>\n<tr>\n<td width=\"34%\">Capacidad sumidero<\/td>\n<td width=\"33%\" style=\"text-align: center;\">300 l<\/td>\n<td width=\"33%\" style=\"text-align: center;\">160 l<\/td>\n<\/tr>\n<tr>\n<td width=\"34%\">Bomba de trasiego<\/td>\n<td width=\"33%\" style=\"text-align: center;\">Opcional<\/td>\n<td width=\"33%\" style=\"text-align: center;\">Opcional<\/td>\n<\/tr>\n<tr>\n<td width=\"34%\">Dimensiones<\/td>\n<td width=\"33%\" style=\"text-align: center;\">1,08 x 0,46 x 0,69 m<\/td>\n<td width=\"33%\" style=\"text-align: center;\">1,15 x 0,7 x 0,88 m<\/td>\n<\/tr>\n<tr>\n<td width=\"34%\">Peso<\/td>\n<td width=\"33%\" style=\"text-align: center;\">74 &#8211; 115 kg<\/td>\n<td width=\"33%\" style=\"text-align: center;\">170 &#8211; 250 kg<\/td>\n<\/tr>\n<\/tbody>\n<\/table>\n<p>&nbsp;<\/p>\n<table width=\"100%\">\n<tbody>\n<tr>\n<td width=\"34%\"><strong>DATOS T\u00c9CNICOS<\/strong><\/td>\n<td width=\"33%\" style=\"text-align: center;\"><strong>RO-MOP OM 260 <\/strong><\/td>\n<td width=\"33%\" style=\"text-align: center;\"><strong>RO-MOP OM 290<\/strong><\/td>\n<\/tr>\n<tr>\n<td width=\"34%\">Capacidad nominal<\/td>\n<td width=\"33%\" style=\"text-align: center;\">12 m3\/h<\/td>\n<td width=\"33%\" style=\"text-align: center;\">18 m3\/h<\/td>\n<\/tr>\n<tr>\n<td width=\"34%\">Sogas oleof\u00edlicas<\/td>\n<td width=\"33%\" style=\"text-align: center;\">2 x 225mm di\u00e1m.<\/td>\n<td width=\"33%\" style=\"text-align: center;\">2 x 300mm di\u00e1m.<\/td>\n<\/tr>\n<tr>\n<td width=\"34%\">Longitud m\u00e1xima sogas<\/td>\n<td width=\"33%\" style=\"text-align: center;\">120 m<\/td>\n<td width=\"33%\" style=\"text-align: center;\">150 m<\/td>\n<\/tr>\n<tr>\n<td width=\"34%\">Velocidad m\u00e1xima sogas<\/td>\n<td width=\"33%\" style=\"text-align: center;\">40m\/min<\/td>\n<td width=\"33%\" style=\"text-align: center;\">45m\/min<\/td>\n<\/tr>\n<tr>\n<td width=\"34%\">Accionamientos disponibles<\/td>\n<td width=\"33%\" style=\"text-align: center;\">Diesel<br \/> Hidr\u00e1ulico<\/td>\n<td width=\"33%\" style=\"text-align: center;\">Diesel<br \/> Hidr\u00e1ulico<\/td>\n<\/tr>\n<tr>\n<td width=\"34%\">Capacidad sumidero<\/td>\n<td width=\"33%\" style=\"text-align: center;\">400 l<\/td>\n<td width=\"33%\" style=\"text-align: center;\">600 l<\/td>\n<\/tr>\n<tr>\n<td width=\"34%\">Bomba de trasiego<\/td>\n<td width=\"33%\" style=\"text-align: center;\">Opcional<\/td>\n<td width=\"33%\" style=\"text-align: center;\">Opcional<\/td>\n<\/tr>\n<tr>\n<td width=\"34%\">Dimensiones<\/td>\n<td width=\"33%\" style=\"text-align: center;\">1,76 x 0,82 x 1,22 m<\/td>\n<td width=\"33%\" style=\"text-align: center;\">1,83 x 1,12 x 1,3 m<\/td>\n<\/tr>\n<tr>\n<td width=\"34%\">Peso<\/td>\n<td width=\"33%\" style=\"text-align: center;\">440 &#8211; 490 kg<\/td>\n<td width=\"33%\" style=\"text-align: center;\">725 &#8211; 750 kg<\/td>\n<\/tr>\n<\/tbody>\n<\/table>\n<p>[\/et_pb_text][\/et_pb_column][\/et_pb_row][\/et_pb_section]<\/p>\n","protected":false},"excerpt":{"rendered":"<p>RO-MOP Skimmers de sogas oleof\u00edlicas &nbsp; Los skimmers de sogas oleof\u00edlicas RO-MOP son ideales para la recuperaci\u00f3n de hidrocarburos de baja y mediana viscosidad en puertos, r\u00edos y lagunas, as\u00ed como en lugares de dif\u00edcil acceso como fosas y alcantarillas.Su funcionamiento se basa en unas sogas sin fin dotadas de fibras oleof\u00edlicas e hidr\u00f3fobas que, [&hellip;]<\/p>\n","protected":false},"author":1,"featured_media":0,"parent":0,"menu_order":0,"comment_status":"closed","ping_status":"closed","template":"","meta":{"_et_pb_use_builder":"on","_et_pb_old_content":"","_et_gb_content_width":"","footnotes":""},"class_list":["post-788","page","type-page","status-publish","hentry"],"aioseo_notices":[],"_links":{"self":[{"href":"https:\/\/sentec.es\/index.php\/wp-json\/wp\/v2\/pages\/788"}],"collection":[{"href":"https:\/\/sentec.es\/index.php\/wp-json\/wp\/v2\/pages"}],"about":[{"href":"https:\/\/sentec.es\/index.php\/wp-json\/wp\/v2\/types\/page"}],"author":[{"embeddable":true,"href":"https:\/\/sentec.es\/index.php\/wp-json\/wp\/v2\/users\/1"}],"replies":[{"embeddable":true,"href":"https:\/\/sentec.es\/index.php\/wp-json\/wp\/v2\/comments?post=788"}],"version-history":[{"count":11,"href":"https:\/\/sentec.es\/index.php\/wp-json\/wp\/v2\/pages\/788\/revisions"}],"predecessor-version":[{"id":2739,"href":"https:\/\/sentec.es\/index.php\/wp-json\/wp\/v2\/pages\/788\/revisions\/2739"}],"wp:attachment":[{"href":"https:\/\/sentec.es\/index.php\/wp-json\/wp\/v2\/media?parent=788"}],"curies":[{"name":"wp","href":"https:\/\/api.w.org\/{rel}","templated":true}]}}